*m**3 - 16*m**2 + 21*m - 57. Calculate y(5).
1523
Let u(n) = -n**3 - 4*n**2 + 520*n - 46. What is u(21)?
-151
Let z(g) = -2497*g**2 - 65007*g - 2219. Calculate z(-26).
-9
Let y(r) = -r**3 - 438*r**2 - 39127*r - 629. Calculate y(-313).
-3
Let i(w) = w**3 - 179*w**2 + 2941*w + 18. Give i(18).
792
Let k(o) = o**3 - 3*o**2 + 275*o - 2515. Give k(8).
5
Let b(q) = -2003*q - 360547. Give b(-180).
-7
Let a(o) = -4181*o + 238347. Determine a(57).
30
Let n(d) = 499*d - 7021. Determine n(13).
-534
Let h(u) = 132*u**2 + 164578*u - 32424. Determine h(-1247).
-2
Let o(m) = 33009*m - 66032. Determine o(2).
-14
Let z(r) = 4*r**2 + 832*r - 7183. What is z(-216)?
-271
Let a(j) = 2*j**2 - 5356*j + 195431. Give a(37).
-3
Let y(b) = 28*b**3 - 83*b**2 + 613*b - 1852. Give y(3).
-4
Let y(o) = -684*o - 13219. Determine y(-19).
-223
Let a(j) = 351*j**3 - 3*j**2 - 15*j - 10. What is a(-2)?
-2800
Let j(y) = 18*y**2 - 72*y - 444. Determine j(-8).
1284
Let v(f) = -f**3 + 9*f**2 + 69*f - 247. Calculate v(13).
-26
Let t(d) = -8*d**3 - 8*d**2 - 16083*d + 16091. Determine t(1).
-8
Let s(o) = 3*o**3 - 75*o**2 + 47*o - 76. Determine s(27).
5567
Let y(p) = -p**3 + 21*p**2 + 1873*p - 11868. Calculate y(6).
-90
Let o(r) = 2*r**2 - 2703*r - 29986. What is o(-11)?
-11
Let t(i) = -1981*i - 493284. Give t(-249).
-15
Let p(x) = -932*x - 107176. Calculate p(-115).
4
Let n(y) = -2*y**3 + 71*y**2 - 422*y + 103. Determine n(5).
-482
Let y(b) = b**3 - 103*b**2 - 791*b + 71606. What is y(104)?
158
Let x(b) = -b**3 + 10*b**2 + 27190*b - 136081. Give x(5).
-6
Let h(r) = 1521*r - 159661. What is h(105)?
44
Let q(j) = -3*j**2 - 251*j - 8461. Give q(-33).
-3445
Let b(c) = 813*c + 141451. Calculate b(-174).
-11
Let v(w) = w**2 + 926*w - 13060. Give v(14).
100
Let v(u) = -1712*u + 145517. Give v(85).
-3
Let r(p) = p**3 - 7*p**2 + 8*p + 50. Calculate r(-6).
-466
Let a(b) = 163*b**2 - 6677*b - 273. Calculate a(41).
-27
Let j(p) = -26*p**2 + 3340*p - 36356. Determine j(12).
-20
Let g(l) = -19951*l + 8419328. What is g(422)?
6
Let h(v) = v**3 + 521*v**2 - 9727*v - 13473. Give h(-539).
2
Let u(n) = 5982*n + 245260. What is u(-41)?
-2
Let y(a) = 129*a**2 + 2718*a + 11006. What is y(-4)?
2198
Let s(t) = 21502*t + 301025. Determine s(-14).
-3
Let r(s) = -16*s**2 - 1173*s - 19702. What is r(-26)?
-20
Let a(h) = -996*h + 14994. Calculate a(15).
54
Let x(v) = -9*v**2 + 36*v + 191. Determine x(13).
-862
Let h(t) = -75*t + 8062. Give h(115).
-563
Let s(c) = -1069095*c - 6414600. What is s(-6)?
-30
Let f(x) = -2*x**3 - 12*x**2 + 2380*x + 11949. What is f(-5)?
-1
Let p(u) = 2*u**3 - 41*u**2 - 118*u + 137. What is p(23)?
68
Let q(g) = 1757*g - 20132. Give q(11).
-805
Let z(u) = 701*u**2 + 1399*u + 2. Determine z(-2).
8
Let p(u) = u**3 - 74*u**2 + 455*u + 94. Give p(67).
-844
Let n(z) = z**3 - 5809*z**2 + 4561127*z + 948. What is n(936)?
12
Let g(h) = -3*h**3 + 13*h**2 - 13*h + 7. Give g(8).
-801
Let l(y) = 22*y**2 + 1303*y - 110. What is l(-59)?
-405
Let a(s) = 17*s**2 - 54*s - 75. What is a(12)?
1725
Let z(l) = -6*l**2 + 1423*l - 1618. What is z(236)?
34
Let b(i) = -i**3 - 30*i**2 - 212*i + 34. Calculate b(-18).
-38
Let n(h) = 2*h**3 - 693*h**2 + 3852*h - 34453. Give n(341).
-12
Let h(s) = 353*s - 47665. Give h(132).
-1069
Let l(v) = -v**3 - 7*v**2 + 171*v + 1728. Calculate l(-12).
396
Let c(s) = -8865*s - 18891317. Calculate c(-2131).
-2
Let i(t) = -39*t**2 + 1249*t + 7176. Calculate i(37).
-2
Let p(r) = 229532*r - 53480955. Calculate p(233).
1
Let s(j) = -152*j - 39681. Calculate s(-256).
-769
Let u(l) = -1744*l - 14344. Determine u(-8).
-392
Let w(u) = -566*u - 460. Determine w(-2).
672
Let q(j) = 204*j**3 + 3876*j**2 - 9*j - 95. Give q(-19).
76
Let i(p) = 11*p**2 - 2490*p + 34871. What is i(15)?
-4
Let v(d) = 1616*d - 78902. Calculate v(49).
282
Let n(x) = -x**3 - 60*x**2 + 362*x - 12370. Give n(-68).
6
Let i(w) = 471*w + 22619. Determine i(-44).
1895
Let g(x) = 16*x**2 - 381*x - 3501. Calculate g(31).
64
Let j(b) = 226*b**2 - 8165*b + 1042. Give j(36).
-2
Let k(g) = -735*g - 11532. What is k(-12)?
-2712
Let z(d) = -5869*d - 17620. Give z(-3).
-13
Let v(o) = -1148*o + 222723. Calculate v(194).
11
Let p(g) = -144*g + 12945. Determine p(69).
3009
Let q(w) = -201*w**3 - 12*w**2 - 72*w + 1. Give q(-2).
1705
Let o(n) = -n**3 + 45*n**2 + 221*n - 672. What is o(50)?
-2122
Let g(i) = 41115*i + 1850176. Determine g(-45).
1
Let s(r) = 267*r - 9058. Determine s(36).
554
Let l(o) = 224*o - 4107. Give l(18).
-75
Let k(b) = 1114*b - 7159. Calculate k(9).
2867
Let d(a) = -a**2 + 919*a - 2761. Determine d(3).
-13
Let y(r) = 1273*r**3 + 1268*r**2 + 58*r + 62. Give y(-1).
-1
Let t(v) = 351*v**2 + 23865*v - 186. What is t(-68)?
18
Let h(x) = x**3 + 39*x**2 + 285*x + 54. What is h(-15)?
1179
Let j(q) = q**3 + 122*q**2 + 82*q - 4479. Give j(-121).
240
Let r(x) = -212316*x + 424626. What is r(2)?
-6
Let l(x) = -x**3 - 970*x**2 + 4871*x + 17. Give l(5).
-3
Let m(n) = -35723*n - 71439. Calculate m(-2).
7
Let q(o) = 10078*o - 292283. Calculate q(29).
-21
Let u(x) = 10555*x + 4401567. Determine u(-417).
132
Let p(x) = -185*x - 2774. Give p(-20).
926
Let l(t) = -3*t**3 + 3*t**2 + 88*t + 18. What is l(6)?
6
Let c(r) = -4*r**3 + 5*r**2 + 74*r - 312. Determine c(5).
-317
Let s(y) = -y**3 - 25*y**2 - 123*y - 17. Calculate s(-18).
-71
Let l(p) = 297*p**2 - 49*p + 63. Give l(1).
311
Let i(b) = b**2 + 26*b + 1827. Give i(-44).
2619
Let p(t) = -t**2 - 138*t + 3124. Calculate p(-119).
5385
Let j(v) = 545009*v - 1635042. Determine j(3).
-15
Let m(i) = -4*i**2 - 4474*i - 39950. Give m(-9).
-8
Let z(v) = 26398*v - 158392. Give z(6).
-4
Let k(u) = -54838*u - 1535462. Determine k(-28).
2
Let f(n) = 5310*n - 26550. Give f(5).
0
Let b(c) = 194*c**2 - 26190*c - 59. Calculate b(135).
-59
Let v(x) = x**3 + 39*x**2 - 341*x - 16331. What is v(-36)?
-167
Let k(b) = -77*b**3 - 62603*b**2 - 1653*b - 21952. Calculate k(-813).
-1
Let q(y) = 351946*y - 1407764. What is q(4)?
20
Let u(b) = -255871*b - 11514197. Calculate u(-45).
-2
Let h(l) = -10357*l + 103044. Determine h(10).
-526
Let b(g) = 13091*g + 248699. Calculate b(-19).
-30
Let z(c) = 289*c**2 + 1994*c - 169. Determine z(-7).
34
Let y(t) = -24027*t - 41062148. Determine y(-1709).
-5
Let g(j) = 26*j**3 + 10789*j**2 - 370*j + 18735. Calculate g(-415).
60
Let g(x) = x**3 + 22*x**2 - 49*x + 1443. Determine g(-26).
13
Let x(i) = 5*i**3 + 188*i**2 + 35*i + 4219. Give x(-38).
1
Let r(k) = -2*k**3 - 220*k**2 + 239*k + 2126. Give r(-111).
239
Let h(x) = -8304*x - 1777325. Calculate h(-214).
-269
Let w(v) = -10751*v - 139807. Determine w(-13).
-44
Let k(j) = 12575*j + 138347. What is k(-11)?
22
Let f(q) = -q**2 + 7240*q + 36251. Determine f(-5).
26
Let c(l) = l**3 + 2*l**2 + 342*l - 310. What is c(0)?
-310
Let h(r) = 57511*r + 288604. Determine h(-5).
1049
Let c(v) = 54*v**3 - 17*v**2 - 49*v - 27. What is c(-2)?
-429
Let s(j) = -6*j**2 - 2833*j + 37859. Calculate s(13).
16
Let o(d) = -d**3 + 15*d**2 + 1845*d - 20926. Determine o(11).
-147
Let v(k) = 2*k**2 + 406*k + 8630. What is v(-24)?
38
Let p(h) = h**3 - 8*h**2 + 1706*h + 3449. What is p(-2)?
-3
Let i(h) = -h**2 - 13577*h - 420042. What is i(-31)?
-116
Let d(p) = 17*p**3 - 534*p**2 + 508*p + 6365. What is d(30)?
5
Let p(r) = 247*r - 5215. What is p(24)?
713
Let d(b) = -65*b**2 + 60590*b - 310549. Give d(927).
-4
Let h(t) = -2*t**3 + 903*t**2 + 740*t - 130162. What is h(452)?
14
Let y(c) = 243*c**2 - 720*c + 718. Calculate y(1).
241
Let s(y) = -2281*y + 232963. Give s(102).
301
Let b(p) = -11354*p - 136499. What is b(-12)?
-251
Let h(f) = 221*f**2 - 151*f + 297. Calculate h(2).
879
Let h(s) = 112*s**2 + 28112*s - 13. Give h(-251).
-13
Let i(y) = 5313*y + 37519. What is i(-7)?
328
Let k(g) = 29992*g - 269947. Give k(9).
-19
Let q(d) = 792*d**3 + 7186*d**2 + 516*d - 30. Calculate q(-9).
24
Let k(l) = 2*l**3 + l**2 + 112*l + 1565. What is k(-8)?
-291
Let q(w) = 3*w**3 - 8*w**2 - 46*w - 174. Calculate q(-7).
-1273
Let q(x) = -7*x**3 + 112*x**2 - 270*x - 32. Determine q(13).
7
Let y(o) = 4252*o - 2104718. Determine y(495).
22
Let r(s) = 10906*s - 11396755. Give r(1045).
15
Let z(b) = 180*b**2 - 18900*b + 4. Give z(105).
4
Let p(q) = 4*q**3 - 5*q**2 + 242*q - 2410. What is p(10)?
3510
Let g(q) = -109906*q + 439612. What is g(4)?
-12
Let t(r) = 27295*r - 5349824.